at is 349 - 14380?
-14033
In base 6, what is 1105534032 - -5?
1105534041
In base 2, what is 1111110 + 101111000010100111100000?
101111000010101001011110
In base 6, what is 2342002512 - 5?
2342002503
In base 8, what is -250 - 40040?
-40310
In base 4, what is 2300012 + 21211?
2321223
In base 16, what is -3ed2 - 398?
-426a
In base 10, what is 20 + 414954?
414974
In base 5, what is 423212134023 + -3?
423212134020
In base 8, what is -5745320 + 111?
-5745207
In base 15, what is -6309b0 - 1b?
-6309cb
In base 4, what is 21010 + 2012223301?
2012310311
In base 13, what is -5422cc - -13?
-5422b9
In base 3, what is 0 - -102210212001?
102210212001
In base 12, what is -793 + bb04?
b331
In base 10, what is 831208 - 82?
831126
In base 7, what is -255 - 5652?
-6240
In base 7, what is -311040 + 26046?
-251661
In base 9, what is -66 - -1122437?
1122361
In base 11, what is 341a - 92085?
-89766
In base 2, what is 100 - -11010010101111001000011?
11010010101111001000111
In base 8, what is 5225 - -170230?
175455
In base 11, what is 4051938 - 1?
4051937
In base 14, what is -8a4a - bb81?
-167cb
In base 15, what is c3d - 56355?
-55617
In base 10, what is -65727 - -58?
-65669
In base 14, what is 163cc16 + 1b?
163cc33
In base 14, what is -4 + 2c8ccc?
2c8cc8
In base 3, what is -2121021 + -11000111?
-20121202
In base 8, what is 0 + 43266163?
43266163
In base 8, what is -22530026 - -2?
-22530024
In base 11, what is 92a2a562 + -3?
92a2a55a
In base 8, what is 37 - -2572?
2631
In base 16, what is -e - 962df6?
-962e04
In base 14, what is -b43 - 341a?
-415d
In base 11, what is -aaa02 + -12?
-aaa14
In base 12, what is -b65b - 34b?
-b9aa
In base 9, what is -6 - -102778664?
102778657
In base 10, what is 71488 + 7?
71495
In base 12, what is 32 + -11334893?
-11334861
In base 3, what is -10110 - -1212120001121?
1212112221011
In base 10, what is 0 - -9290184?
9290184
In base 11, what is 4a - 260350?
-260301
In base 10, what is 557 - 6779?
-6222
In base 15, what is 44bb60 + 3?
44bb63
In base 6, what is 12 - -21314004?
21314020
In base 5, what is -123123102 + 1303?
-123121244
In base 2, what is -11 + -1010001010011000100000?
-1010001010011000100011
In base 12, what is -13ba + -3059?
-4457
In base 14, what is 4 + 18367601?
18367605
In base 8, what is -7 - 63424617?
-63424626
In base 10, what is -1686 - -83721?
82035
In base 11, what is 0 - -4249052?
4249052
In base 8, what is 736 + 440475?
441433
In base 6, what is 1221 + -11105524?
-11104303
In base 2, what is -100100100011101000 - 111001?
-100100100100100001
In base 16, what is 274bd + -f?
274ae
In base 11, what is a5 + -158a56?
-158961
In base 4, what is 1232 + -1132303233?
-1132302001
In base 14, what is -99d + -4?
-9a3
In base 8, what is 2 + 1722174575?
1722174577
In base 15, what is -5 - 15670e3?
-15670e8
In base 8, what is 101555704 - -2?
101555706
In base 2, what is -10111011011001111011001000 - 0?
-10111011011001111011001000
In base 5, what is -34112010340 - 1?
-34112010341
In base 2, what is 1010011010110100111110111 + -101011?
1010011010110100111001100
In base 16, what is 3 - -180d840?
180d843
In base 12, what is 6 + -13187744?
-1318773a
In base 13, what is -2504 - -1ccc?
-505
In base 9, what is 3 - 3833360?
-3833356
In base 12, what is 1645ba6 - 3?
1645ba3
In base 5, what is -1 - -20232300?
20232244
In base 9, what is 73188615 + -22?
73188583
In base 13, what is 9c7914 - 159?
9c7788
In base 16, what is a1ca + -47?
a183
In base 12, what is -5 + -146b46a?
-146b473
In base 12, what is -1675a661a + 4?
-1675a6616
In base 11, what is -1a - 113051?
-113070
In base 9, what is 7505 - 466370?
-457764
In base 16, what is -4430c + f?
-442fd
In base 4, what is -11111120303 + 23?
-11111120220
In base 7, what is -24000 - -12004?
-11663
In base 15, what is 160e - 4d0?
112e
In base 6, what is -2 + -3253345130?
-3253345132
In base 3, what is 11201 + -1122012021?
-1122000120
In base 15, what is 6575a9 + -2?
6575a7
In base 4, what is -3001232001 + 2122?
-3001223213
In base 12, what is -443 - 173048?
-17348b
In base 13, what is 127c + 2967?
3c16
In base 2, what is 1 + 110101011001011010011000?
110101011001011010011001
In base 5, what is 131133 + 2312101?
2443234
In base 5, what is 21 + 422430312?
422430333
In base 12, what is -b61922 - 4?
-b61926
In base 15, what is -9 + -13d90b?
-13d915
In base 16, what is 2 - -11ca5b7?
11ca5b9
In base 2, what is -1000 + -101101010110010111100?
-101101010110011000100
In base 3, what is -1110012 + 122022021?
120212002
In base 14, what is 0 + -1161bd3?
-1161bd3
In base 13, what is 433 + 118751?
118b84
In base 9, what is -36 + 3631070?
3631033
In base 15, what is 43 - e8169?
-e8126
In base 4, what is -110312031 + -3112313?
-120031010
In base 15, what is -1cc601 + -88?
-1cc689
In base 2, what is -1010100 - 11000100101010100?
-11000100110101000
In base 2, what is 10011110000001101110 + 100000?
10011110000010001110
In base 10, what is -412355682 + 3?
-412355679
In base 16, what is -2bc6df + -2?
-2bc6e1
In base 8, what is 26006114 + 36?
26006152
In base 7, what is -56 - 154645034?
-154645123
In base 4, what is -203100323 + -11?
-203101000
In base 15, what is e3475 + ca?
e3550
In base 10, what is 291 + -196700?
-196409
In base 4, what is -10010322221002 - 2?
-10010322221010
In base 3, what is -222010010 - 1210020?
-1000220100
In base 9, what is 32 - -101363?
101405
In base 12, what is 0 - 2b135a54?
-2b135a54
In base 9, what is -107 + 1150743?
1150635
In base 6, what is -4310434443 - 1?
-4310434444
In base 4, what is 2132 + 3022002?
3030200
In base 16, what is -1 + a3d6f4e?
a3d6f4d
In base 8, what is 10 - 42710007?
-42707777
In base 7, what is 26 + -600144553?
-600144524
In base 11, what is -17 - -33758a8?
3375891
In base 12, what is 584703 + -13?
5846b0
In base 7, what is 134050 - 132624?
1123
In base 3, what is -20210022212112 + -121?
-20210022220010
In base 14, what is -a7 + -15c29?
-15cd2
In base 8, what is 141337 - 1377?
137740
In base 10, what is 5 - 35931394?
-35931389
In base 7, what is 120223165 + 45?
120223243
In base 12, what is 28 - -31a64?
31a90
In base 9, what is -510122 - -8?
-510113
In base 11, what is -616305 - 5a?
-616364
In base 11, what is 437 - 1678a?
-16353
In base 2, what is 1011001000 + 1011011100001001?
1011100111010001
In base 4, what is 303 + 1223330212?
1223331121
In base 8, what is -26266712 - 46?
-26266760
In base 9, what is 22506 - -4133?
26640
In base 9, what is -26375018 - -5?
-26375013
In base 4, what is 331322302031 - 10?
331322302021
In base 7, what is 403 - -413650?
414353
In base 3, what is 0 - 111100202002212?
-111100202002212
In base 7, what is 1233 + -30230556?
-30226323
In base 8, what is -166306640 - -3?
-166306635
In base 3, what is 211102122220121 + 1?
211102122220122
In base 2, what is 101000010101100111111100000 + -101?
101000010101100111111011011
In base 4, what is -1000 + -233303301?
-233310301
In base 6, what is -142 + -5541141?
-5541323
In base 12, what is 340933 - 674?
34027b
In base 11, what is 277a80777 + -1?
277a80776
In base 11, what is -1 + -393a0008?
-393a0009
In base 16, what is 9 + f3149?
f3152
In base 12, what is 50333 - -6?
50339
In base 3, what is -1 - 1120202210200?
-1120202210201
In base 4, what is -310213220 - -133?
-310213021
In base 13, what is -5 + -2b8559?
-2b8561
In base 7, what is 4 + -26111534?
-26111530
In base 6, what is 1344324553 - 10?
1344324543
In base 12, what is -280a605 - 4?
-280a609
In base 4, what is 302003122033 - 11?
302003122022
In base 10, what is 1393 + 111?
1504
In base 16, what is e6 + 1116bf?
1117a5
In base 11, what is 241396358 + 4?
241396361
In base 11, what is 4320 + -986?
3445
In base 9, what is -10 - -155856480?
155856470
In base 5, what is -23344232 - 114?
-23344401
In base 8, what is 1 + 21637216?
21637217
In base 2, what is -10001 + 101011100001100?
101011011111011
In base 4, what is 3020030 - 20112?
2333312
In base 13, what is 6b3b1b0 + 0?
6b3b1b0
In base 9, what is -2262037 + -6?
-2262044
In base 13, what is 2 - -484c395?
484c397
In base 15, what is 1 + 3d0750?
3d0751
In base 7, what is 131126015 + -2?
131126013
In base 7, what is -115161 - -50301?
-34560
In base 10, what is 7627 - -1377?
9004
In base 14, what is -11921 - d3?
-11a14
In base 14, what is 2116 + 1d45?
405b
In base 13, what is -427313 - -33?
-4272b0
In ba